{"id":82,"date":"2013-09-02T15:34:01","date_gmt":"2013-09-02T13:34:01","guid":{"rendered":"http:\/\/www.pv-huerth.de\/?page_id=82"},"modified":"2026-03-25T18:32:14","modified_gmt":"2026-03-25T16:32:14","slug":"spijkenisse-2","status":"publish","type":"page","link":"https:\/\/www.pv-huerth.de\/?page_id=82","title":{"rendered":"Nissewaard\/Spijkenisse"},"content":{"rendered":"<div id=\"e23\" class=\"cc19\">\n<div align=\"justify\"><span style=\"font-family: Arial;\"><strong>Nissewaard\/Spijkenisse<\/strong><\/span><\/div>\n<div align=\"justify\">Das ehemalige Spijkenisse liegt in der Provinz S\u00fcd-Holland auf der Insel Voorne-Putten in unmittelbarer N\u00e4he zu Rotterdam. Die Herausforderungen als mittelgro\u00dfe Stadt an der Peripherie einer gro\u00dfen Metropole zu bestehen entsprechen damit dem Nachbarschaftsverh\u00e4ltnis von H\u00fcrth und K\u00f6ln. Spijkenisse ist eine junge Stadt mit rund 85.000 Einwohnern. In den letzten f\u00fcnfzig Jahren hat sich Spijkenisse von einer kleinen Gemeinde zu einer modernen und als Wohnort sehr beliebten Stadt mit einem beispielhaften \u00f6ffentlichen Nahverkehr von und nach Rotterdam entwickelt. Zum 1. Januar 2015 fusionierte Spijkenisse mit der Nachbargemeinde Bernisse mit Sitz der Stadtverwaltung im ehemaligen Spijkenisse. Seit dem Zusammenschluss gab sich die neue Stadt den Namen <strong>Nissewaard<\/strong>.<\/div>\n<div align=\"justify\"><\/div>\n<\/div>\n<div id=\"e22\" class=\"cc19\">\n<div align=\"justify\">\n<p class=\"MsoNormal\" style=\"text-align: justify; margin-top: 0px; margin-bottom: 0px;\"><b><span style=\"font-family: Arial;\">B\u00fcrgermeister<\/span><\/b><\/p>\n<p class=\"MsoNormal\" style=\"text-align: justify; margin-top: 0px; margin-bottom: 0px;\">Seit dem 20. Februar 2019 ist Foort van Oosten (VVD) amtierender B\u00fcrgermeister. Zu seinem Kollegium z\u00e4hlen die Beigeordneten Martijn Hamerslag (ONS Nissewaard), Jan Willem Mijnans (ONS Nissewaard), Wouter Struijk (PvdA), Igor Bal (VVD), L\u00e9on Soeterboek (ONS Nissewaard) sowie der Gemeindesekret\u00e4r Marc Weerts.<\/p>\n<p class=\"MsoNormal\" style=\"text-align: justify; margin-top: 0px; margin-bottom: 0px;\"><span style=\"font-family: Arial;\"><strong>Geschichtliches<\/strong><\/span><\/p>\n<\/div>\n<\/div>\n<div id=\"e21\" class=\"cc19\">\n<p class=\"MsoBodyText2\" style=\"margin-top: 0px; margin-bottom: 0px;\" align=\"justify\"><span style=\"font-family: Arial;\">Die erste urkundliche Erw\u00e4hnung von Spijkenisse stammt aus dem Jahre 1231. Ung\u00fcnstige klimatische Bedingungen und immer wiederkehrende \u00dcberschwemmungen hatten das Gebiet an der Maasm\u00fcndung eingreifend ver\u00e4ndert. Die Bewohner der zahlreichen Polder begannen ihre Wohngebiete durch Deiche zu sch\u00fctzen. 1305 wurde der Ringdeich geschlossen,\u00a0 der damit das gesamte Gebiet\u00a0 von Putten umfasste.<\/span><\/p>\n<p class=\"MsoNormal\" style=\"margin-top: 0px; margin-bottom: 0px;\" align=\"justify\"><span style=\"font-family: Arial;\">Die Landsherren von Putten begannen nun mit dem Aufbau einer ordentlichen Verwaltung f\u00fcr das \u201eneue\u201c Eiland. Sie stellten lokale Verwalter und Dorfpriester an. Schulthei\u00dfe und Sch\u00f6ffen beaufsichtigten die Deiche und Bew\u00e4sserungssysteme. Sie \u00fcberwachten auch die Zahlung des \u201eZehnten\u201c.<\/span><\/p>\n<p class=\"MsoNormal\" style=\"margin-top: 0px; margin-bottom: 0px;\" align=\"justify\"><span style=\"font-family: Arial;\">Nachdem im 15. Jahrhundert noch weiteres Au\u00dfendeichland eingepoldert wurde, fiel dies Land im 16. Jahrhundert wieder dem Meer zum Opfer. Die Bev\u00f6lkerung verlor ihr Hab und Gut und musste zudem noch die Kosten f\u00fcr die Deichreparatur aufbringen. Das Vieh ging verloren, ansteckende Krankheiten dezimierten die Bev\u00f6lkerung.<\/span><\/p>\n<p class=\"MsoNormal\" style=\"margin-top: 0px; margin-bottom: 0px;\" align=\"justify\"><span style=\"font-family: Arial;\">Drastisch waren auch die Br\u00e4nde, die das Dorf Spijkenisse 1648, 1741 und 1747 verw\u00fcsteten.<\/span><\/p>\n<div>\n<p align=\"justify\"><img loading=\"lazy\" decoding=\"async\" class=\"alignleft size-medium wp-image-100\" src=\"http:\/\/www.pv-huerth.de\/wp-content\/uploads\/2013\/09\/0361_web-300x224.jpg\" alt=\"\" width=\"300\" height=\"224\" srcset=\"https:\/\/www.pv-huerth.de\/wp-content\/uploads\/2013\/09\/0361_web-300x224.jpg 300w, https:\/\/www.pv-huerth.de\/wp-content\/uploads\/2013\/09\/0361_web.jpg 399w\" sizes=\"auto, (max-width: 300px) 100vw, 300px\" \/>Mit Beginn des 20. Jahrhunderts fand die Gemeinde u.a. durch die neue Dampfeisenbahn Anschluss an die Umgebung. Die 30er Jahre gingen an Spijkenisse nicht spurlos vor\u00fcber, es herrschte hohe Arbeitslosigkeit.<\/p>\n<p align=\"justify\">Der zweite Weltkrieg brachte auch f\u00fcr die Niederlande Not, Leid und Zerst\u00f6rung. Rotterdam war die erste Stadt, die von deutschen Bomben in Schutt und Asche gelegt wurde. Seit den Maitagen 1940 hielt der Schrecken Einzug in Spijkenisse:<\/p>\n<\/div>\n<div>\n<p align=\"justify\">Im Polder wurde eine deutsche Luftabwehrstellung errichtet, Einquartierungen und Beschlagnahmung von H\u00e4usern und Schulen folgten, viele Einwohner mussten zum Arbeitsdienst nach Deutschland. 1944 wurden die Polder unter Wasser gesetzt und die D\u00f6rfer evakuiert. Nach Kriegsende kamen zahlreiche Einwohner durch das mit Typhusbazillen verseuchte Hafen- und Sielwasser ums Leben. Doch das \u201enormale\u201c Leben konnte dank der Aufbauarbeit der Bev\u00f6lkerung schon bald wieder weitergehen.<\/p>\n<p align=\"justify\">Spijkenisse wuchs nicht allm\u00e4hlich zur Stadt heran, sondern wurde zur Stadt gemacht\u00a0 Nach dem zweiten Weltkrieg z\u00e4hlte das Dorf gerade mal\u00a0 2.700 Einwohner. Infolge der Erweiterung der Rotterdamer H\u00e4fen &#8211; bis fast in die G\u00e4rten von Spijkenisse hinein &#8211; wuchs Spijkenisse sprunghaft. Tausende von Hafenarbeitern mit ihren Familien wurden in ausgedehnten Neubauvierteln um den urspr\u00fcnglichen Dorfkern herum angesiedelt. 1975 z\u00e4hlte man in Spijkenisse bereits ca. 30.000 Einwohner.<\/p>\n<p align=\"justify\">Aber das war noch nicht das Ende der Entwicklung. Um die Abwanderungsbewegung aus den Gro\u00dfst\u00e4dten aufzufangen, wurden vom Staat mehrere \u201eWachstumsgebiete\u201c in den Niederlanden ausgewiesen. Ein solches Gebiet ist auch Spijkenisse. Nach diesem staatlichen Programm wurden zwischen 1978 und 1990 15.000 neue Wohnungen errichtet.\u00a0 Bis 1999 wurden insgesamt 30.000 neue Wohnungen bezogen.<\/p>\n<p align=\"justify\">Ein Reihenhaus in einem geselligen Nachkriegsviertel, ein Penthaus mit atemberaubender Aussicht \u00fcber die alte Maas, ein Einfamilienhaus in einem ruhigen Wohnviertel\u00a0 oder eine Seniorenwohnung im Zentrum, Spijkenisse bietet\u00a0 f\u00fcr alle das passende Zuhause.<\/p>\n<p align=\"justify\">Die Zukunftsvision findet ihren Niederschlag im \u201eKommunalen Entwicklungsplan 2010\u201c. Hier ist vorgesehen, die Innenstadt noch attraktiver zu gestalten, mit weiteren \u00f6ffentlichen Einrichtungen, Gesch\u00e4ften und Gastst\u00e4tten. Stand in der Wachstumsperiode haupts\u00e4chlich der Wohnungsbau im Vordergrund, so konzentrieren sich heute die Bem\u00fchungen der Stadt darum, die Qualit\u00e4t\u00a0 der Wohnanlagen und des Wohnumfeldes zu verbessern. Vorgesehen sind weiterer Wohnraum f\u00fcr junge Familien zu schaffen\u00a0 sowie die F\u00f6rderung alters- und behindertengerechter Wohnungen. Das Einkaufsangebot in Spijkenisse ist von regionaler Bedeutung und zieht viele K\u00e4ufer von au\u00dferhalb an. Das neue Einkaufszentrum zwischen Rathaus und Hafen ist fu\u00dfg\u00e4ngerfreundlich und wird in den n\u00e4chsten Jahren weiter ausgebaut.<\/p>\n<p align=\"justify\">Ein weiterer Schwerpunkt ist die \u00f6ffentliche Sicherheit. Spijkenisse ist stolz darauf, zu den sichersten St\u00e4dten der Niederlande zu z\u00e4hlen.<\/p>\n<div>\n<div align=\"justify\">\n<p align=\"justify\">Wegen der zahlreichen weiterf\u00fchrenden Schulen stellt Spijkenisse ein regionales Schulzentrum dar. Von <img loading=\"lazy\" decoding=\"async\" class=\"size-full wp-image-104 alignright\" src=\"http:\/\/www.pv-huerth.de\/wp-content\/uploads\/2013\/09\/Fahrt-mit-dem-Fluesterboot-2.jpg\" alt=\"Fahrt mit dem Fluesterboot\" width=\"291\" height=\"219\" \/>besonderer Bedeutung sind hier die schulische Berufsausbildung und die Erwachsenenbildung zu nennen. In dem 1990 errichteten Krankenhaus sind alle modernen medizinischen Fachrichtungen vertreten. Es z\u00e4hlt zu den modernsten in der Region.<\/p>\n<p align=\"justify\">Kunst- und Kulturfreunde m\u00fcssen in Spijkenisse keine Langeweile bef\u00fcrchten.\u00a0 Das Theater \u201eDe Stoep\u201c bietet den Besuchern Angebote vom Kabarett bis Tanz und vom Schauspiel bis zum Konzert.<\/p>\n<\/div>\n<\/div>\n<p align=\"justify\">Daneben finden im De Stoep auch Seminare auf den Gebieten Tanz, Musik, Schauspiel, bildende Kunst und audiovisuelle Formgebung statt. Von \u00fcberregionaler Bedeutung sind das Popfestval\u00a0 \u201eSpijkpop\u201c und das \u201eBinnenstadfestival\u201c.<\/p>\n<p align=\"justify\">Im Sport haben der Tennisclub und der Radsportverein einen guten Ruf. Der Fu\u00dfballverein spielt in der obersten Amateurklasse der Niederlande. Dar\u00fcber hinaus\u00a0 sind folgende Sportarten vertreten: Leichtathletik, Schwimmen, Baseball, Hockey, Handball, Volleyball und Selbstverteidigung. Auch der Schachclub nimmt erfolgreich an Landeswettbewerben teil. Zahlreiche Erholungsgebiete im Stadtbereich und au\u00dferhalb bieten viele M\u00f6glichkeiten der Entspannung und der Freizeitgestaltung. Das Radwegenetz ist weitr\u00e4umig ausgebaut und erschlie\u00dft auch die ausgedehnten Erholungsgebiete.<\/p>\n<p align=\"justify\">Dass Spijkenisse auch die \u201eGr\u00fcnstadt\u201c genannt wird, ist kein Zufall. Beim Bau der Stadt wurde bewusst versucht, das Gr\u00fcn der Landschaft n das Stadtbild zu integrieren Selbst in der dicht bebauten Innenstadt wurde viel Raum f\u00fcr Gr\u00fcnfl\u00e4chen gelassen. Hier liegt auch der ruhige Zentrumspark.<\/p>\n<div>\n<div align=\"justify\">\n<p align=\"justify\"><strong>Sport<\/strong><br \/>\nIm Sport haben der Tennisclub und der Radsportverein einen guten Ruf. Der Fu\u00dfballverein spielt in der obersten Amateurklasse der Niederlande. Dar\u00fcber hinaus sind in Spijkenenisse folgende Sportarten vertreten: Leichtathletik, Schwimmen, Baseball, Hockey, Handball, Volleyball und Selbstverteidigung. Auch der Schachclub nimmt erfolgreich an Landeswettbewerben teil.<\/p>\n<p align=\"justify\"><strong>Natur und Erholung<\/strong><br \/>\nZahlreiche Erholungsgebiete im Stadtbereich und au\u00dferhalb bieten viele M\u00f6glichkeiten der Entspannung und der Freizeitgestaltung. Das Radwegenetz ist weitr\u00e4umig ausgebaut und erschlie\u00dft auch die ausgedehnten Erholungsgebiete. Dass Spijkenisse auch die \u201eGr\u00fcnstadt\u201c genannt wird, ist kein Zufall. Beim Bau der Stadt wurde bewusst versucht, das Gr\u00fcn der Landschaft in das Stadtbild zu integrieren.<\/p>\n<p align=\"justify\">Ein Besuch unser Partnerstadt Spijkenisse lohnt sich zu jeder Jahreszeit.<\/p>\n<div><\/div>\n<div><\/div>\n<div><span style=\"font-size: 12pt;\"><strong>Ansprechpartner in H\u00fcrth<\/strong><\/span><\/div>\n<div><span style=\"font-size: 12pt;\">Vorstand des PVH<\/span><\/div>\n<\/div>\n<\/div>\n<\/div>\n<\/div>\n","protected":false},"excerpt":{"rendered":"<p>Nissewaard\/Spijkenisse Das ehemalige Spijkenisse liegt in der Provinz S\u00fcd-Holland auf der Insel Voorne-Putten in unmittelbarer N\u00e4he zu Rotterdam. Die Herausforderungen als mittelgro\u00dfe Stadt an der Peripherie einer gro\u00dfen Metropole zu bestehen entsprechen damit dem Nachbarschaftsverh\u00e4ltnis von H\u00fcrth und K\u00f6ln. Spijkenisse ist eine junge Stadt mit rund 85.000 Einwohnern. In den letzten f\u00fcnfzig Jahren hat sich &hellip; <\/p>\n<p><a class=\"more-link btn\" href=\"https:\/\/www.pv-huerth.de\/?page_id=82\">Weiterlesen<\/a><\/p>\n","protected":false},"author":7,"featured_media":0,"parent":52,"menu_order":0,"comment_status":"closed","ping_status":"open","template":"","meta":{"footnotes":""},"class_list":["post-82","page","type-page","status-publish","hentry","nodate","item-wrap"],"aioseo_notices":[],"_links":{"self":[{"href":"https:\/\/www.pv-huerth.de\/index.php?rest_route=\/wp\/v2\/pages\/82","targetHints":{"allow":["GET"]}}],"collection":[{"href":"https:\/\/www.pv-huerth.de\/index.php?rest_route=\/wp\/v2\/pages"}],"about":[{"href":"https:\/\/www.pv-huerth.de\/index.php?rest_route=\/wp\/v2\/types\/page"}],"author":[{"embeddable":true,"href":"https:\/\/www.pv-huerth.de\/index.php?rest_route=\/wp\/v2\/users\/7"}],"replies":[{"embeddable":true,"href":"https:\/\/www.pv-huerth.de\/index.php?rest_route=%2Fwp%2Fv2%2Fcomments&post=82"}],"version-history":[{"count":6,"href":"https:\/\/www.pv-huerth.de\/index.php?rest_route=\/wp\/v2\/pages\/82\/revisions"}],"predecessor-version":[{"id":1444,"href":"https:\/\/www.pv-huerth.de\/index.php?rest_route=\/wp\/v2\/pages\/82\/revisions\/1444"}],"up":[{"embeddable":true,"href":"https:\/\/www.pv-huerth.de\/index.php?rest_route=\/wp\/v2\/pages\/52"}],"wp:attachment":[{"href":"https:\/\/www.pv-huerth.de\/index.php?rest_route=%2Fwp%2Fv2%2Fmedia&parent=82"}],"curies":[{"name":"wp","href":"https:\/\/api.w.org\/{rel}","templated":true}]}}

<div id="e23" class="cc19">
<div align="justify"><span style="font-family: Arial;"><strong>Nissewaard/Spijkenisse</strong></span></div>
<div align="justify">Das ehemalige Spijkenisse liegt in der Provinz Süd-Holland auf der Insel Voorne-Putten in unmittelbarer Nähe zu Rotterdam. Die Herausforderungen als mittelgroße Stadt an der Peripherie einer großen Metropole zu bestehen entsprechen damit dem Nachbarschaftsverhältnis von Hürth und Köln. Spijkenisse ist eine junge Stadt mit rund 85.000 Einwohnern. In den letzten fünfzig Jahren hat sich Spijkenisse von einer kleinen Gemeinde zu einer modernen und als Wohnort sehr beliebten Stadt mit einem beispielhaften öffentlichen Nahverkehr von und nach Rotterdam entwickelt. Zum 1. Januar 2015 fusionierte Spijkenisse mit der Nachbargemeinde Bernisse mit Sitz der Stadtverwaltung im ehemaligen Spijkenisse. Seit dem Zusammenschluss gab sich die neue Stadt den Namen <strong>Nissewaard</strong>.</div>
<div align="justify"></div>
</div>
<div id="e22" class="cc19">
<div align="justify">
<p class="MsoNormal" style="text-align: justify; margin-top: 0px; margin-bottom: 0px;"><b><span style="font-family: Arial;">Bürgermeister</span></b></p>
<p class="MsoNormal" style="text-align: justify; margin-top: 0px; margin-bottom: 0px;">Seit dem 20. Februar 2019 ist Foort van Oosten (VVD) amtierender Bürgermeister. Zu seinem Kollegium zählen die Beigeordneten Martijn Hamerslag (ONS Nissewaard), Jan Willem Mijnans (ONS Nissewaard), Wouter Struijk (PvdA), Igor Bal (VVD), Léon Soeterboek (ONS Nissewaard) sowie der Gemeindesekretär Marc Weerts.</p>
<p class="MsoNormal" style="text-align: justify; margin-top: 0px; margin-bottom: 0px;"><span style="font-family: Arial;"><strong>Geschichtliches</strong></span></p>
</div>
</div>
<div id="e21" class="cc19">
<p class="MsoBodyText2" style="margin-top: 0px; margin-bottom: 0px;" align="justify"><span style="font-family: Arial;">Die erste urkundliche Erwähnung von Spijkenisse stammt aus dem Jahre 1231. Ungünstige klimatische Bedingungen und immer wiederkehrende Überschwemmungen hatten das Gebiet an der Maasmündung eingreifend verändert. Die Bewohner der zahlreichen Polder begannen ihre Wohngebiete durch Deiche zu schützen. 1305 wurde der Ringdeich geschlossen,  der damit das gesamte Gebiet  von Putten umfasste.</span></p>
<p class="MsoNormal" style="margin-top: 0px; margin-bottom: 0px;" align="justify"><span style="font-family: Arial;">Die Landsherren von Putten begannen nun mit dem Aufbau einer ordentlichen Verwaltung für das „neue“ Eiland. Sie stellten lokale Verwalter und Dorfpriester an. Schultheiße und Schöffen beaufsichtigten die Deiche und Bewässerungssysteme. Sie überwachten auch die Zahlung des „Zehnten“.</span></p>
<p class="MsoNormal" style="margin-top: 0px; margin-bottom: 0px;" align="justify"><span style="font-family: Arial;">Nachdem im 15. Jahrhundert noch weiteres Außendeichland eingepoldert wurde, fiel dies Land im 16. Jahrhundert wieder dem Meer zum Opfer. Die Bevölkerung verlor ihr Hab und Gut und musste zudem noch die Kosten für die Deichreparatur aufbringen. Das Vieh ging verloren, ansteckende Krankheiten dezimierten die Bevölkerung.</span></p>
<p class="MsoNormal" style="margin-top: 0px; margin-bottom: 0px;" align="justify"><span style="font-family: Arial;">Drastisch waren auch die Brände, die das Dorf Spijkenisse 1648, 1741 und 1747 verwüsteten.</span></p>
<div>
<p align="justify"><img loading="lazy" decoding="async" class="alignleft size-medium wp-image-100" src="http://www.pv-huerth.de/wp-content/uploads/2013/09/0361_web-300x224.jpg" alt="" width="300" height="224" srcset="https://www.pv-huerth.de/wp-content/uploads/2013/09/0361_web-300x224.jpg 300w, https://www.pv-huerth.de/wp-content/uploads/2013/09/0361_web.jpg 399w" sizes="auto, (max-width: 300px) 100vw, 300px" />Mit Beginn des 20. Jahrhunderts fand die Gemeinde u.a. durch die neue Dampfeisenbahn Anschluss an die Umgebung. Die 30er Jahre gingen an Spijkenisse nicht spurlos vorüber, es herrschte hohe Arbeitslosigkeit.</p>
<p align="justify">Der zweite Weltkrieg brachte auch für die Niederlande Not, Leid und Zerstörung. Rotterdam war die erste Stadt, die von deutschen Bomben in Schutt und Asche gelegt wurde. Seit den Maitagen 1940 hielt der Schrecken Einzug in Spijkenisse:</p>
</div>
<div>
<p align="justify">Im Polder wurde eine deutsche Luftabwehrstellung errichtet, Einquartierungen und Beschlagnahmung von Häusern und Schulen folgten, viele Einwohner mussten zum Arbeitsdienst nach Deutschland. 1944 wurden die Polder unter Wasser gesetzt und die Dörfer evakuiert. Nach Kriegsende kamen zahlreiche Einwohner durch das mit Typhusbazillen verseuchte Hafen- und Sielwasser ums Leben. Doch das „normale“ Leben konnte dank der Aufbauarbeit der Bevölkerung schon bald wieder weitergehen.</p>
<p align="justify">Spijkenisse wuchs nicht allmählich zur Stadt heran, sondern wurde zur Stadt gemacht  Nach dem zweiten Weltkrieg zählte das Dorf gerade mal  2.700 Einwohner. Infolge der Erweiterung der Rotterdamer Häfen &#8211; bis fast in die Gärten von Spijkenisse hinein &#8211; wuchs Spijkenisse sprunghaft. Tausende von Hafenarbeitern mit ihren Familien wurden in ausgedehnten Neubauvierteln um den ursprünglichen Dorfkern herum angesiedelt. 1975 zählte man in Spijkenisse bereits ca. 30.000 Einwohner.</p>
<p align="justify">Aber das war noch nicht das Ende der Entwicklung. Um die Abwanderungsbewegung aus den Großstädten aufzufangen, wurden vom Staat mehrere „Wachstumsgebiete“ in den Niederlanden ausgewiesen. Ein solches Gebiet ist auch Spijkenisse. Nach diesem staatlichen Programm wurden zwischen 1978 und 1990 15.000 neue Wohnungen errichtet.  Bis 1999 wurden insgesamt 30.000 neue Wohnungen bezogen.</p>
<p align="justify">Ein Reihenhaus in einem geselligen Nachkriegsviertel, ein Penthaus mit atemberaubender Aussicht über die alte Maas, ein Einfamilienhaus in einem ruhigen Wohnviertel  oder eine Seniorenwohnung im Zentrum, Spijkenisse bietet  für alle das passende Zuhause.</p>
<p align="justify">Die Zukunftsvision findet ihren Niederschlag im „Kommunalen Entwicklungsplan 2010“. Hier ist vorgesehen, die Innenstadt noch attraktiver zu gestalten, mit weiteren öffentlichen Einrichtungen, Geschäften und Gaststätten. Stand in der Wachstumsperiode hauptsächlich der Wohnungsbau im Vordergrund, so konzentrieren sich heute die Bemühungen der Stadt darum, die Qualität  der Wohnanlagen und des Wohnumfeldes zu verbessern. Vorgesehen sind weiterer Wohnraum für junge Familien zu schaffen  sowie die Förderung alters- und behindertengerechter Wohnungen. Das Einkaufsangebot in Spijkenisse ist von regionaler Bedeutung und zieht viele Käufer von außerhalb an. Das neue Einkaufszentrum zwischen Rathaus und Hafen ist fußgängerfreundlich und wird in den nächsten Jahren weiter ausgebaut.</p>
<p align="justify">Ein weiterer Schwerpunkt ist die öffentliche Sicherheit. Spijkenisse ist stolz darauf, zu den sichersten Städten der Niederlande zu zählen.</p>
<div>
<div align="justify">
<p align="justify">Wegen der zahlreichen weiterführenden Schulen stellt Spijkenisse ein regionales Schulzentrum dar. Von <img loading="lazy" decoding="async" class="size-full wp-image-104 alignright" src="http://www.pv-huerth.de/wp-content/uploads/2013/09/Fahrt-mit-dem-Fluesterboot-2.jpg" alt="Fahrt mit dem Fluesterboot" width="291" height="219" />besonderer Bedeutung sind hier die schulische Berufsausbildung und die Erwachsenenbildung zu nennen. In dem 1990 errichteten Krankenhaus sind alle modernen medizinischen Fachrichtungen vertreten. Es zählt zu den modernsten in der Region.</p>
<p align="justify">Kunst- und Kulturfreunde müssen in Spijkenisse keine Langeweile befürchten.  Das Theater „De Stoep“ bietet den Besuchern Angebote vom Kabarett bis Tanz und vom Schauspiel bis zum Konzert.</p>
</div>
</div>
<p align="justify">Daneben finden im De Stoep auch Seminare auf den Gebieten Tanz, Musik, Schauspiel, bildende Kunst und audiovisuelle Formgebung statt. Von überregionaler Bedeutung sind das Popfestval  „Spijkpop“ und das „Binnenstadfestival“.</p>
<p align="justify">Im Sport haben der Tennisclub und der Radsportverein einen guten Ruf. Der Fußballverein spielt in der obersten Amateurklasse der Niederlande. Darüber hinaus  sind folgende Sportarten vertreten: Leichtathletik, Schwimmen, Baseball, Hockey, Handball, Volleyball und Selbstverteidigung. Auch der Schachclub nimmt erfolgreich an Landeswettbewerben teil. Zahlreiche Erholungsgebiete im Stadtbereich und außerhalb bieten viele Möglichkeiten der Entspannung und der Freizeitgestaltung. Das Radwegenetz ist weiträumig ausgebaut und erschließt auch die ausgedehnten Erholungsgebiete.</p>
<p align="justify">Dass Spijkenisse auch die „Grünstadt“ genannt wird, ist kein Zufall. Beim Bau der Stadt wurde bewusst versucht, das Grün der Landschaft n das Stadtbild zu integrieren Selbst in der dicht bebauten Innenstadt wurde viel Raum für Grünflächen gelassen. Hier liegt auch der ruhige Zentrumspark.</p>
<div>
<div align="justify">
<p align="justify"><strong>Sport</strong><br />
Im Sport haben der Tennisclub und der Radsportverein einen guten Ruf. Der Fußballverein spielt in der obersten Amateurklasse der Niederlande. Darüber hinaus sind in Spijkenenisse folgende Sportarten vertreten: Leichtathletik, Schwimmen, Baseball, Hockey, Handball, Volleyball und Selbstverteidigung. Auch der Schachclub nimmt erfolgreich an Landeswettbewerben teil.</p>
<p align="justify"><strong>Natur und Erholung</strong><br />
Zahlreiche Erholungsgebiete im Stadtbereich und außerhalb bieten viele Möglichkeiten der Entspannung und der Freizeitgestaltung. Das Radwegenetz ist weiträumig ausgebaut und erschließt auch die ausgedehnten Erholungsgebiete. Dass Spijkenisse auch die „Grünstadt“ genannt wird, ist kein Zufall. Beim Bau der Stadt wurde bewusst versucht, das Grün der Landschaft in das Stadtbild zu integrieren.</p>
<p align="justify">Ein Besuch unser Partnerstadt Spijkenisse lohnt sich zu jeder Jahreszeit.</p>
<div></div>
<div></div>
<div><span style="font-size: 12pt;"><strong>Ansprechpartner in Hürth</strong></span></div>
<div><span style="font-size: 12pt;">Vorstand des PVH</span></div>
</div>
</div>
</div>
</div>

<p>Nissewaard/Spijkenisse Das ehemalige Spijkenisse liegt in der Provinz Süd-Holland auf der Insel Voorne-Putten in unmittelbarer Nähe zu Rotterdam. Die Herausforderungen als mittelgroße Stadt an der Peripherie einer großen Metropole zu bestehen entsprechen damit dem Nachbarschaftsverhältnis von Hürth und Köln. Spijkenisse ist eine junge Stadt mit rund 85.000 Einwohnern. In den letzten fünfzig Jahren hat sich &hellip; </p>
<p><a class="more-link btn" href="https://www.pv-huerth.de/?page_id=82">Weiterlesen</a></p>
