{"id":67,"date":"2013-09-02T14:57:38","date_gmt":"2013-09-02T12:57:38","guid":{"rendered":"http:\/\/www.pv-huerth.de\/?page_id=67"},"modified":"2024-01-12T14:41:32","modified_gmt":"2024-01-12T12:41:32","slug":"huerth-3","status":"publish","type":"page","link":"https:\/\/www.pv-huerth.de\/?page_id=67","title":{"rendered":"H\u00fcrth"},"content":{"rendered":"<p><strong>Geschichte der Stadt<\/strong><\/p>\n<div id=\"e21\">\n<div align=\"justify\">Grabungsfunde weisen darauf hin, dass sich bereits in pr\u00e4historischer Zeit hier Siedlungen befunden haben. In der R\u00f6merzeit durchzog das Stadtgebiet eine wichtige Stra\u00dfenverbindung von K\u00f6ln nach Trier (Luxemburger Stra\u00dfe), sowie Wasserleitungen aus der Eifel, die das r\u00f6mische K\u00f6ln mit Trinkwasser versorgten.<\/div>\n<\/div>\n<div id=\"e19\">\n<div align=\"justify\">\n<p align=\"justify\">Erste urkundliche Erw\u00e4hnungen gehen f\u00fcr die Stadtteile Gleuel und Sielsdorf auf das Jahr 898 zur\u00fcck.<\/p>\n<p align=\"justify\">Es folgten die Orte Berrenrath, Kendenich und Herm\u00fclheim. 1233 wurde das isterzienserinnen Kloster St.<\/p>\n<div id=\"attachment_68\" style=\"width: 188px\" class=\"wp-caption alignright\"><img loading=\"lazy\" decoding=\"async\" aria-describedby=\"caption-attachment-68\" class=\"size-full wp-image-68\" src=\"http:\/\/www.pv-huerth.de\/wp-content\/uploads\/2013\/09\/Burg-Gleuel.jpg\" alt=\"Burg Gleuel\" width=\"188\" height=\"184\" \/><p id=\"caption-attachment-68\" class=\"wp-caption-text\">Burg Gleuel<\/p><\/div>\n<p align=\"justify\">Mariabrunn (heute Kloster Burbach) gegr\u00fcndet. Was Kleinstaaterei im sp\u00e4ten Mittelalter bedeutete, sieht man an den Besitzverh\u00e4ltnissen. W\u00e4hrend Efferen, Fischenich und Stotzheim\u00a0 seit Ende des 15. Jahrhunderts zum Herzogtum J\u00fclich geh\u00f6rten, war Alt-H\u00fcrth in Besitz des niederl\u00e4ndischspanischen Herzogtums Brabant. Die anderen heute zu H\u00fcrth z\u00e4hlenden Ortsteile geh\u00f6rten zum Kurf\u00fcrstentum K\u00f6ln.<\/p>\n<\/div>\n<\/div>\n<div id=\"e18\">\n<div align=\"justify\">\n<p align=\"justify\">Die franz\u00f6sische Besatzung unter Napoleon vereinte die D\u00f6rfer zu den B\u00fcrgermeistereien Efferen und H\u00fcrth. 1815 werden das Rheinland und damit auch H\u00fcrth und Efferen preu\u00dfisch. 1820 beginnt die gewerbsm\u00e4\u00dfige F\u00f6rderung von Braunkohle. 1844 wird eine Eisenbahn-verbindung \u00fcber H\u00fcrther Gebiet von K\u00f6ln nach Bonn gebaut. H\u00fcrth erhielt 1859 in Kalscheuren einen Bahnhof. 1886 beginnt mit dem Bau der Brikettfabrik \u201eRibbertwerke\u201c die Industrialisierung von H\u00fcrth. 1930\/33 entstand aus dem Zusammenschluss von 12 Bauernd\u00f6rfern und Bergarbeitersied-lungen die Gro\u00dfgemeinde H\u00fcrth, die 1978 Stadtrechte erhielt.<\/p>\n<p align=\"justify\">Weit mehr als ein Jahrhundert lang war H\u00fcrth von der Braunkohle und der Industrie gepr\u00e4gt. Nahezu die H\u00e4lfte des Stadtgebietes wurde in einem Zeitraum von ca. 150 Jahren ausgekohlt. In vorbildlicher Weise folgte auf die Kohlegewinnung eine Rekultivierung der vom Tagebau zerst\u00f6rten Landschaft. Es entstanden Seen, W\u00e4lder und Naherholungsgebiete bis in die Siedlungsbereiche hinein.<br \/>\nAls 1988 die letzte Tonne Braunkohle gef\u00f6rdert wurde, hatte sich die ehemalige Braunkohle- Energie- und Chemiestadt neue wirtschaftliche Standbeine in mehreren Gewerbegebieten und Dienstleistungszentren geschaffen.<\/p>\n<p align=\"justify\">Mit dem Bau von H\u00fcrth-Mitte mit neuem Rathaus und B\u00fcrgerhaus (1984) schuf sich die Stadt ein Zentrum auf der gr\u00fcnen Wiese, welches in den n\u00e4chsten Jahren weiter ausgebaut werden soll.<\/p>\n<p align=\"justify\"><strong>Allgemeines \u00fcber H\u00fcrth<br \/>\n<\/strong>H\u00fcrth liegt in Nordrhein Westfalen und geh\u00f6rt zum Erftkreis. Es grenzt im Nordosten an das Oberzentrum K\u00f6ln. Die Einwohnerzahl stieg von ca. 36.000 Einwohnern im Jahre 1950 auf ca. 58.200 Einwohner im Jahr 2007. Der Ausl\u00e4nderanteil betr\u00e4gt ca. 11 %; der \u00fcberwiegende Teil davon sind t\u00fcrkischer Herkunft. Im ehemaligem Rathaus der Stadt H\u00fcrth an der Luxemburger Stra\u00dfe befindet sich seit 1984 das Generalkonsulat der T\u00fcrkei. Das Bundessprachenamt in H\u00fcrth betreut und unterrichtet zahlreiche Lehrgangsteilnehmer aus aller Welt, die milit\u00e4risch F\u00fchrungspositionen in ihren Heimatl\u00e4ndern innehaben oder anstreben.<\/p>\n<p align=\"justify\">\n<\/div>\n<\/div>\n<div id=\"e17\">\n<p align=\"justify\"><strong>Wirtschaft<br \/>\n<\/strong>H\u00fcrth verf\u00fcgt \u00fcber verschiedene Gewerbegebiete in den Stadtteilen und \u00fcber einen gro\u00dfen Industrie- und Technologiepark (Knapsack) mit \u00fcber 60 Industriebetrieben (chemische Gro\u00dfbetriebe, Metallbau, Papiererzeugung, Braunkohleverarbeitung, Elektrizt\u00e4tsgewinnung, Fernw\u00e4rme usw.).<\/p>\n<p align=\"justify\">Neben der Gro\u00dfindustrie gibt es ca. 1000 Einzelhandelsbetriebe, ein Kinozentrum, 20 Bankfilialen, ca. 180 Gastst\u00e4tten sowie 16 Hotels. Mit mehr als 30 privaten Fernseh-produktionsst\u00e4tten ist H\u00fcrth gr\u00f6\u00dfter Medienstandort auf diesem Gebiet in Europa.<\/p>\n<p align=\"justify\">Das Einkaufszentrum \u201eH\u00fcrth-Park\u201c bietet seinen Kunden mehr als 50 Fachgesch\u00e4fte. Weitere Einzelhandelsbetriebe gibt es in den Ortsteilen. Zwischen den verschiedenen Ortsteilen liegen weite Fl\u00e4chen, die \u00fcberwiegend landwirtschaftlich genutzt werden.<\/p>\n<p align=\"justify\"><strong>Verkehrsverbindungen<br \/>\n<\/strong>H\u00fcrth liegt nahe dem Autobahnknotenpunkt \u201eK\u00f6ln-West\u201c. Hier kreuzen sich die Nord-S\u00fcd-Autobahn A1 und die West-Ost-Autobahn A4. Auf H\u00fcrther Stadtgebiet befinden sich drei Autobahnanschlussstellen. Der Bundesbahnanschluss Kalscheuren liegt an der Strecke K\u00f6ln \u2013 Bonn \u2013 Koblenz bzw. K\u00f6ln \u2013 Trier. Die Stadtbahn Linie 18 von K\u00f6ln nach Bonn hat auf H\u00fcrther Stadtgebiet vier Haltestellen. Stadtbuslinien verbinden alle Stadtteile im Viertelstundentakt. Regionale Buslinien f\u00fchren nach Frechen, Bergheim, K\u00f6ln und Erftstadt. Der Flughafen K\u00f6ln\/Bonn ist mit dem Auto in 20 Minuten zu erreichen. In weniger als einer halben Stunde sind die St\u00e4dte K\u00f6ln, Bonn, Aachen und D\u00fcsseldorf zu erreichen.<\/p>\n<p align=\"justify\"><strong>Schulen<br \/>\n<\/strong>H\u00fcrth hat 10 Grundschulen, eine Realschule, zwei Gymnasien, zwei Hauptschulen, eine Sonderschule und ein Berufskolleg in Tr\u00e4gerschaft des Erftkreises sowie eine Musikschule und eine Volkshochschule. F\u00fcr den Vorschulbereich gibt es in H\u00fcrth 25 Kinderg\u00e4rten.<\/p>\n<p align=\"justify\"><strong>Sport<br \/>\n<\/strong>Das Familienbad \u201eDe B\u00fctt\u201c verf\u00fcgt \u00fcber ein Hallenbad mit gro\u00dfer Au\u00dfenanlage. Der Otto-Maigler-See mit seinem Strandbad bietet Sportlern, Anglern und Erholungsuchenden einen durch Rekultivierung geschaffenen Freizeitbereich.<br \/>\nIn der Stadt gibt es 13 Turnhallen, davon zwei Gro\u00dfturnhallen mit Trib\u00fcnenpl\u00e4tzen. Neben dem Stadion in zentraler Lage befinden sich in den Ortsteilen neun Sportanlagen f\u00fcr Ballspiele und eine Hockeysportanlage, vier Tennishallen und sechs Tennisanlagen, f\u00fcnf Schie\u00dfsportanlagen, 11 Squashbahnen und \u00fcber 50 Kegelbahnen.<\/p>\n<p align=\"justify\"><strong>Kultur<br \/>\n<\/strong>Kulturelle Veranstaltungen finden im B\u00fcrgerhaus mit S\u00e4len bis 900 Sitzpl\u00e4tzen statt. F\u00fcr Kleinkunst und <span style=\"font-size: revert;\">Kammerkonzerte steht der zu einem kleinen Kulturzentrum umgewandelte ehemalige Bauernhof \u201eL\u00f6hrerhof\u201c zur Verf\u00fcgung. Weitere Orte f\u00fcr Konzerte und andere kulturelle Veranstaltungen bieten das Feierabendhaus in Knapsack, der Burgpark Efferen, die Festhalle Gleuel und die Gleueler Burg mit einer Au\u00dfenb\u00fchne und einem Oldtimer Museum. Ein Gro\u00dfkino bietet in 14 Kinos\u00e4len 2.800 Besuchern Platz. Die Stadtb\u00fccherei verf\u00fcgt \u00fcber ca. 45.000 B\u00fccher und elektronische Medien.<\/span><\/p>\n<\/div>\n<div id=\"e14\"><strong style=\"font-size: revert;\">Kirchen<\/strong><\/div>\n<div id=\"e13\">\n<div align=\"justify\">\n<p align=\"left\">In H\u00fcrth gibt es 11 katholische und vier evangelische Kirchen. Hinzu kommt noch eine Moschee.<\/p>\n<p align=\"justify\"><strong>Gesundheitsf\u00fcrsorge<\/strong><br \/>\nDie Gesundheitsversorgung wird durch ein modernes Krankenhaus, zwei private Spezialkliniken, mehr als 30 Haus\u00e4rzte und Fach\u00e4rzte sowie 21 Zahn\u00e4rzte gew\u00e4hrleistet.<\/p>\n<p align=\"justify\"><strong>St\u00e4dtepartnerschaften<\/strong><br \/>\nDie Stadt H\u00fcrth unterh\u00e4lt St\u00e4dtepartnerschaften mit folgenden St\u00e4dten:<br \/>\n1966 Thetford (Gro\u00dfbritannien)<br \/>\n1966 Spijkenisse (Niederlande)<br \/>\n1988 Argel\u00e8s-sur-Mer (Frankreich)<br \/>\n1988 Kabarnet (Kenia)<br \/>\n1996 Skawina (Polen)<br \/>\n2011 Burhaniye (T\u00fcrkei)\u00a0 \u00a0 \u00a0 \u00a0 \u00a0 \u00a0 \u00a0 \u00a0 \u00a0 \u00a0 \u00a0 \u00a0 \u00a0 \u00a0 \u00a0 \u00a0 \u00a0 \u00a0 \u00a0 \u00a0 \u00a0 \u00a0 \u00a0 \u00a0 \u00a0 \u00a0 \u00a0 \u00a0 \u00a0 \u00a0 \u00a0 \u00a0 \u00a0 \u00a0 \u00a0 \u00a0 \u00a0 \u00a0 \u00a0 \u00a0 \u00a0 \u00a0 \u00a0 \u00a0 \u00a0 \u00a0 \u00a0 \u00a0 \u00a0 \u00a0 \u00a0 \u00a0 \u00a0 \u00a0 \u00a0 \u00a0 \u00a0 \u00a0 \u00a0 \u00a0 \u00a0 \u00a0 \u00a0 \u00a0 \u00a0 \u00a0 \u00a0 \u00a0 \u00a0 \u00a0 \u00a0 2020 Peremyschljany (Ukraine)<\/p>\n<p align=\"justify\">Bei den Kontakten und der Pflege zu den Partnerst\u00e4dten wird die Stadt durch den \u201ePartnerschaftsverein H\u00fcrth e.V.\u201c (PVH) unterst\u00fctzt.<\/p>\n<\/div>\n<\/div>\n<div id=\"e12\">\n<p align=\"center\"><strong>Partnerschaftsverein:<\/strong><br \/>\nVorsitzender: R\u00fcdiger Winkler<br \/>\nE-Mail: <a href=\"mailto:info@ruediger-winkler.de\"><span style=\"text-decoration: underline;\"><span style=\"color: #0000ff;\">info@ruediger-winkler.de <\/span><\/span><\/a><\/p>\n<p align=\"center\"><strong>Rat und Verwaltung<br \/>\n<\/strong>Gesch\u00e4ftsstelle im Rathaus H\u00fcrth:<a href=\"mailto:info@pv-huerth.de\"><span style=\"text-decoration: underline;\"> Frau Nicole Rametta<\/span><\/a><br \/>\nFriedrich-Ebertstr. 40<br \/>\n50354 H\u00fcrth<br \/>\nTelefon: 02233-53 107<\/p>\n<p align=\"center\"><strong>B\u00fcrgermeister:<\/strong> Dirk Breuer<br \/>\nAnschrift wie vor<br \/>\nTelefon: 02233-53 102<br \/>\nE-Mail: <a href=\"mailto:DBreuer@huerth.de\"><span style=\"text-decoration: underline;\"><span style=\"color: #0000ff;\">DBreuer@huerth.de <\/span><\/span><\/a><\/p>\n<p align=\"center\"><strong>Stadtrat:<\/strong> zurzeit 48 Ratsmitglieder (22 CDU, 10 SPD, 10 Gr\u00fcne, 1 Freie W\u00e4hler, 1 Die Linke, 1 FDP, 1 AFD, 2 nicht Parteigebunden)<\/p>\n<\/div>\n","protected":false},"excerpt":{"rendered":"<p>Geschichte der Stadt Grabungsfunde weisen darauf hin, dass sich bereits in pr\u00e4historischer Zeit hier Siedlungen befunden haben. In der R\u00f6merzeit durchzog das Stadtgebiet eine wichtige Stra\u00dfenverbindung von K\u00f6ln nach Trier (Luxemburger Stra\u00dfe), sowie Wasserleitungen aus der Eifel, die das r\u00f6mische K\u00f6ln mit Trinkwasser versorgten. Erste urkundliche Erw\u00e4hnungen gehen f\u00fcr die Stadtteile Gleuel und Sielsdorf auf &hellip; <\/p>\n<p><a class=\"more-link btn\" href=\"https:\/\/www.pv-huerth.de\/?page_id=67\">Weiterlesen<\/a><\/p>\n","protected":false},"author":7,"featured_media":0,"parent":52,"menu_order":0,"comment_status":"closed","ping_status":"open","template":"","meta":{"footnotes":""},"class_list":["post-67","page","type-page","status-publish","hentry","nodate","item-wrap"],"aioseo_notices":[],"_links":{"self":[{"href":"https:\/\/www.pv-huerth.de\/index.php?rest_route=\/wp\/v2\/pages\/67","targetHints":{"allow":["GET"]}}],"collection":[{"href":"https:\/\/www.pv-huerth.de\/index.php?rest_route=\/wp\/v2\/pages"}],"about":[{"href":"https:\/\/www.pv-huerth.de\/index.php?rest_route=\/wp\/v2\/types\/page"}],"author":[{"embeddable":true,"href":"https:\/\/www.pv-huerth.de\/index.php?rest_route=\/wp\/v2\/users\/7"}],"replies":[{"embeddable":true,"href":"https:\/\/www.pv-huerth.de\/index.php?rest_route=%2Fwp%2Fv2%2Fcomments&post=67"}],"version-history":[{"count":6,"href":"https:\/\/www.pv-huerth.de\/index.php?rest_route=\/wp\/v2\/pages\/67\/revisions"}],"predecessor-version":[{"id":1173,"href":"https:\/\/www.pv-huerth.de\/index.php?rest_route=\/wp\/v2\/pages\/67\/revisions\/1173"}],"up":[{"embeddable":true,"href":"https:\/\/www.pv-huerth.de\/index.php?rest_route=\/wp\/v2\/pages\/52"}],"wp:attachment":[{"href":"https:\/\/www.pv-huerth.de\/index.php?rest_route=%2Fwp%2Fv2%2Fmedia&parent=67"}],"curies":[{"name":"wp","href":"https:\/\/api.w.org\/{rel}","templated":true}]}}

Hürth

<p><strong>Geschichte der Stadt</strong></p>
<div id="e21">
<div align="justify">Grabungsfunde weisen darauf hin, dass sich bereits in prähistorischer Zeit hier Siedlungen befunden haben. In der Römerzeit durchzog das Stadtgebiet eine wichtige Straßenverbindung von Köln nach Trier (Luxemburger Straße), sowie Wasserleitungen aus der Eifel, die das römische Köln mit Trinkwasser versorgten.</div>
</div>
<div id="e19">
<div align="justify">
<p align="justify">Erste urkundliche Erwähnungen gehen für die Stadtteile Gleuel und Sielsdorf auf das Jahr 898 zurück.</p>
<p align="justify">Es folgten die Orte Berrenrath, Kendenich und Hermülheim. 1233 wurde das isterzienserinnen Kloster St.</p>
<div id="attachment_68" style="width: 188px" class="wp-caption alignright"><img loading="lazy" decoding="async" aria-describedby="caption-attachment-68" class="size-full wp-image-68" src="http://www.pv-huerth.de/wp-content/uploads/2013/09/Burg-Gleuel.jpg" alt="Burg Gleuel" width="188" height="184" /><p id="caption-attachment-68" class="wp-caption-text">Burg Gleuel</p></div>
<p align="justify">Mariabrunn (heute Kloster Burbach) gegründet. Was Kleinstaaterei im späten Mittelalter bedeutete, sieht man an den Besitzverhältnissen. Während Efferen, Fischenich und Stotzheim  seit Ende des 15. Jahrhunderts zum Herzogtum Jülich gehörten, war Alt-Hürth in Besitz des niederländischspanischen Herzogtums Brabant. Die anderen heute zu Hürth zählenden Ortsteile gehörten zum Kurfürstentum Köln.</p>
</div>
</div>
<div id="e18">
<div align="justify">
<p align="justify">Die französische Besatzung unter Napoleon vereinte die Dörfer zu den Bürgermeistereien Efferen und Hürth. 1815 werden das Rheinland und damit auch Hürth und Efferen preußisch. 1820 beginnt die gewerbsmäßige Förderung von Braunkohle. 1844 wird eine Eisenbahn-verbindung über Hürther Gebiet von Köln nach Bonn gebaut. Hürth erhielt 1859 in Kalscheuren einen Bahnhof. 1886 beginnt mit dem Bau der Brikettfabrik „Ribbertwerke“ die Industrialisierung von Hürth. 1930/33 entstand aus dem Zusammenschluss von 12 Bauerndörfern und Bergarbeitersied-lungen die Großgemeinde Hürth, die 1978 Stadtrechte erhielt.</p>
<p align="justify">Weit mehr als ein Jahrhundert lang war Hürth von der Braunkohle und der Industrie geprägt. Nahezu die Hälfte des Stadtgebietes wurde in einem Zeitraum von ca. 150 Jahren ausgekohlt. In vorbildlicher Weise folgte auf die Kohlegewinnung eine Rekultivierung der vom Tagebau zerstörten Landschaft. Es entstanden Seen, Wälder und Naherholungsgebiete bis in die Siedlungsbereiche hinein.<br />
Als 1988 die letzte Tonne Braunkohle gefördert wurde, hatte sich die ehemalige Braunkohle- Energie- und Chemiestadt neue wirtschaftliche Standbeine in mehreren Gewerbegebieten und Dienstleistungszentren geschaffen.</p>
<p align="justify">Mit dem Bau von Hürth-Mitte mit neuem Rathaus und Bürgerhaus (1984) schuf sich die Stadt ein Zentrum auf der grünen Wiese, welches in den nächsten Jahren weiter ausgebaut werden soll.</p>
<p align="justify"><strong>Allgemeines über Hürth<br />
</strong>Hürth liegt in Nordrhein Westfalen und gehört zum Erftkreis. Es grenzt im Nordosten an das Oberzentrum Köln. Die Einwohnerzahl stieg von ca. 36.000 Einwohnern im Jahre 1950 auf ca. 58.200 Einwohner im Jahr 2007. Der Ausländeranteil beträgt ca. 11 %; der überwiegende Teil davon sind türkischer Herkunft. Im ehemaligem Rathaus der Stadt Hürth an der Luxemburger Straße befindet sich seit 1984 das Generalkonsulat der Türkei. Das Bundessprachenamt in Hürth betreut und unterrichtet zahlreiche Lehrgangsteilnehmer aus aller Welt, die militärisch Führungspositionen in ihren Heimatländern innehaben oder anstreben.</p>
<p align="justify">
</div>
</div>
<div id="e17">
<p align="justify"><strong>Wirtschaft<br />
</strong>Hürth verfügt über verschiedene Gewerbegebiete in den Stadtteilen und über einen großen Industrie- und Technologiepark (Knapsack) mit über 60 Industriebetrieben (chemische Großbetriebe, Metallbau, Papiererzeugung, Braunkohleverarbeitung, Elektriztätsgewinnung, Fernwärme usw.).</p>
<p align="justify">Neben der Großindustrie gibt es ca. 1000 Einzelhandelsbetriebe, ein Kinozentrum, 20 Bankfilialen, ca. 180 Gaststätten sowie 16 Hotels. Mit mehr als 30 privaten Fernseh-produktionsstätten ist Hürth größter Medienstandort auf diesem Gebiet in Europa.</p>
<p align="justify">Das Einkaufszentrum „Hürth-Park“ bietet seinen Kunden mehr als 50 Fachgeschäfte. Weitere Einzelhandelsbetriebe gibt es in den Ortsteilen. Zwischen den verschiedenen Ortsteilen liegen weite Flächen, die überwiegend landwirtschaftlich genutzt werden.</p>
<p align="justify"><strong>Verkehrsverbindungen<br />
</strong>Hürth liegt nahe dem Autobahnknotenpunkt „Köln-West“. Hier kreuzen sich die Nord-Süd-Autobahn A1 und die West-Ost-Autobahn A4. Auf Hürther Stadtgebiet befinden sich drei Autobahnanschlussstellen. Der Bundesbahnanschluss Kalscheuren liegt an der Strecke Köln – Bonn – Koblenz bzw. Köln – Trier. Die Stadtbahn Linie 18 von Köln nach Bonn hat auf Hürther Stadtgebiet vier Haltestellen. Stadtbuslinien verbinden alle Stadtteile im Viertelstundentakt. Regionale Buslinien führen nach Frechen, Bergheim, Köln und Erftstadt. Der Flughafen Köln/Bonn ist mit dem Auto in 20 Minuten zu erreichen. In weniger als einer halben Stunde sind die Städte Köln, Bonn, Aachen und Düsseldorf zu erreichen.</p>
<p align="justify"><strong>Schulen<br />
</strong>Hürth hat 10 Grundschulen, eine Realschule, zwei Gymnasien, zwei Hauptschulen, eine Sonderschule und ein Berufskolleg in Trägerschaft des Erftkreises sowie eine Musikschule und eine Volkshochschule. Für den Vorschulbereich gibt es in Hürth 25 Kindergärten.</p>
<p align="justify"><strong>Sport<br />
</strong>Das Familienbad „De Bütt“ verfügt über ein Hallenbad mit großer Außenanlage. Der Otto-Maigler-See mit seinem Strandbad bietet Sportlern, Anglern und Erholungsuchenden einen durch Rekultivierung geschaffenen Freizeitbereich.<br />
In der Stadt gibt es 13 Turnhallen, davon zwei Großturnhallen mit Tribünenplätzen. Neben dem Stadion in zentraler Lage befinden sich in den Ortsteilen neun Sportanlagen für Ballspiele und eine Hockeysportanlage, vier Tennishallen und sechs Tennisanlagen, fünf Schießsportanlagen, 11 Squashbahnen und über 50 Kegelbahnen.</p>
<p align="justify"><strong>Kultur<br />
</strong>Kulturelle Veranstaltungen finden im Bürgerhaus mit Sälen bis 900 Sitzplätzen statt. Für Kleinkunst und <span style="font-size: revert;">Kammerkonzerte steht der zu einem kleinen Kulturzentrum umgewandelte ehemalige Bauernhof „Löhrerhof“ zur Verfügung. Weitere Orte für Konzerte und andere kulturelle Veranstaltungen bieten das Feierabendhaus in Knapsack, der Burgpark Efferen, die Festhalle Gleuel und die Gleueler Burg mit einer Außenbühne und einem Oldtimer Museum. Ein Großkino bietet in 14 Kinosälen 2.800 Besuchern Platz. Die Stadtbücherei verfügt über ca. 45.000 Bücher und elektronische Medien.</span></p>
</div>
<div id="e14"><strong style="font-size: revert;">Kirchen</strong></div>
<div id="e13">
<div align="justify">
<p align="left">In Hürth gibt es 11 katholische und vier evangelische Kirchen. Hinzu kommt noch eine Moschee.</p>
<p align="justify"><strong>Gesundheitsfürsorge</strong><br />
Die Gesundheitsversorgung wird durch ein modernes Krankenhaus, zwei private Spezialkliniken, mehr als 30 Hausärzte und Fachärzte sowie 21 Zahnärzte gewährleistet.</p>
<p align="justify"><strong>Städtepartnerschaften</strong><br />
Die Stadt Hürth unterhält Städtepartnerschaften mit folgenden Städten:<br />
1966 Thetford (Großbritannien)<br />
1966 Spijkenisse (Niederlande)<br />
1988 Argelès-sur-Mer (Frankreich)<br />
1988 Kabarnet (Kenia)<br />
1996 Skawina (Polen)<br />
2011 Burhaniye (Türkei)                                                                                                                                              2020 Peremyschljany (Ukraine)</p>
<p align="justify">Bei den Kontakten und der Pflege zu den Partnerstädten wird die Stadt durch den „Partnerschaftsverein Hürth e.V.“ (PVH) unterstützt.</p>
</div>
</div>
<div id="e12">
<p align="center"><strong>Partnerschaftsverein:</strong><br />
Vorsitzender: Rüdiger Winkler<br />
E-Mail: <a href="mailto:info@ruediger-winkler.de"><span style="text-decoration: underline;"><span style="color: #0000ff;">info@ruediger-winkler.de </span></span></a></p>
<p align="center"><strong>Rat und Verwaltung<br />
</strong>Geschäftsstelle im Rathaus Hürth:<a href="mailto:info@pv-huerth.de"><span style="text-decoration: underline;"> Frau Nicole Rametta</span></a><br />
Friedrich-Ebertstr. 40<br />
50354 Hürth<br />
Telefon: 02233-53 107</p>
<p align="center"><strong>Bürgermeister:</strong> Dirk Breuer<br />
Anschrift wie vor<br />
Telefon: 02233-53 102<br />
E-Mail: <a href="mailto:DBreuer@huerth.de"><span style="text-decoration: underline;"><span style="color: #0000ff;">DBreuer@huerth.de </span></span></a></p>
<p align="center"><strong>Stadtrat:</strong> zurzeit 48 Ratsmitglieder (22 CDU, 10 SPD, 10 Grüne, 1 Freie Wähler, 1 Die Linke, 1 FDP, 1 AFD, 2 nicht Parteigebunden)</p>
</div>

<p>Geschichte der Stadt Grabungsfunde weisen darauf hin, dass sich bereits in prähistorischer Zeit hier Siedlungen befunden haben. In der Römerzeit durchzog das Stadtgebiet eine wichtige Straßenverbindung von Köln nach Trier (Luxemburger Straße), sowie Wasserleitungen aus der Eifel, die das römische Köln mit Trinkwasser versorgten. Erste urkundliche Erwähnungen gehen für die Stadtteile Gleuel und Sielsdorf auf &hellip; </p>
<p><a class="more-link btn" href="https://www.pv-huerth.de/?page_id=67">Weiterlesen</a></p>
