{"id":39,"date":"2013-08-31T09:08:24","date_gmt":"2013-08-31T07:08:24","guid":{"rendered":"http:\/\/www.pv-huerth.de\/?page_id=39"},"modified":"2026-03-25T14:00:57","modified_gmt":"2026-03-25T12:00:57","slug":"pvh-aktuell","status":"publish","type":"page","link":"https:\/\/www.pv-huerth.de\/?page_id=39","title":{"rendered":"Jahrb\u00fccher\/PVH-Aktuell"},"content":{"rendered":"<div align=\"justify\"><span style=\"font-size: small;\">Liebe Leserin, <\/span><\/div>\n<div align=\"justify\"><span style=\"font-size: small;\">lieber Leser,<\/span><\/div>\n<div align=\"justify\"><span style=\"font-size: small;\">die aktuelle Berichterstattung des Partnerschaftsvereins H\u00fcrth wurde im August 2008 umgestellt. Seitdem wird mit dem <strong>PVH &#8211; Aktuell<\/strong> regelm\u00e4\u00dfig \u00fcber die neuesten Nachrichten in und um den Partnerschaftsverein berichtet.<\/span><\/div>\n<div align=\"justify\"><span style=\"font-size: small;\"><strong>PVH &#8211; Aktuell<\/strong> kann auch in unserer Gesch\u00e4ftsstelle im Rathaus abgeholt bzw. angefordert werden.<\/span><\/div>\n<div align=\"justify\">\u00a0<\/div>\n<div align=\"justify\"><span style=\"font-size: small;\">Folgende Ausgaben des <strong>PVH &#8211; Aktuell<\/strong> finden Sie hier zum Download:<\/span><\/div>\n<div align=\"justify\">\u00a0<\/div>\n<div align=\"justify\"><strong><a href=\"https:\/\/www.pv-huerth.de\/wp-content\/uploads\/2026\/03\/PVH-Jahrbuch-2025-2026.pdf\">PVH Jahrbuch 2025-2026<\/a><\/strong><\/div>\n<div align=\"justify\"><strong><span style=\"color: #0000ff;\"><a style=\"color: #0000ff;\" href=\"https:\/\/www.pv-huerth.de\/wp-content\/uploads\/2025\/01\/PVH-Jahrbuch-2023-2024-final.pdf\">PVH Jahrbuch 2023-2024 final<\/a><\/span><\/strong><\/div>\n<div align=\"justify\"><strong><a href=\"https:\/\/www.pv-huerth.de\/wp-content\/uploads\/2022\/11\/PVH-Jahrbuch-2021-2022.pdf\" target=\"_blank\" rel=\"noopener\"><span style=\"color: #0000ff;\">Jahrbuch 2021\/2022<\/span><\/a><\/strong><\/div>\n<div align=\"justify\"><strong><span style=\"background-color: #ffffff; color: #0000ff;\"><a style=\"background-color: #ffffff; color: #0000ff;\" href=\"https:\/\/www.pv-huerth.de\/wp-content\/uploads\/2021\/11\/Ausgabe-2021.pdf\">Ausgabe<\/a><a style=\"background-color: #ffffff; color: #0000ff;\" href=\"https:\/\/www.pv-huerth.de\/wp-content\/uploads\/2021\/11\/Ausgabe-2021.pdf\"> 2021<\/a><\/span><\/strong><\/div>\n<div align=\"justify\"><strong><a href=\"https:\/\/www.pv-huerth.de\/wp-content\/uploads\/2019\/05\/PVH-Aktuell-1-19.pdf\"><span style=\"color: #0000ff;\">Ausgabe 2019<\/span><\/a><\/strong><\/div>\n<div align=\"justify\"><strong><a href=\"https:\/\/www.pv-huerth.de\/wp-content\/uploads\/2019\/05\/PVH-Aktuell-01-2018.pdf\"><span style=\"color: #0000ff;\">Ausgabe 2018<\/span><\/a><\/strong><\/div>\n<div align=\"justify\"><strong><a href=\"http:\/\/www.pv-huerth.de\/wp-content\/uploads\/2017\/12\/PVHAktuell02_17.pdf\" target=\"_blank\" rel=\"noopener noreferrer\"><span style=\"color: #0000ff; font-size: 12pt;\">Ausgabe<\/span> <span style=\"color: #0000ff;\">02\/2017<\/span><\/a><\/strong><\/div>\n<div align=\"justify\"><strong><a href=\"https:\/\/www.pv-huerth.de\/wp-content\/uploads\/2019\/05\/PVHAktuell01_17.pdf\"><span style=\"color: #0000ff;\">Ausgabe 01\/2017<\/span><\/a><\/strong><\/div>\n<div align=\"justify\"><strong><a href=\"http:\/\/www.pv-huerth.de\/wp-content\/uploads\/2016\/05\/PVHAktuell01_16.pdf\" target=\"_blank\" rel=\"noopener noreferrer\"><span style=\"color: #0000ff;\">Ausgabe<\/span><\/a><\/strong><a href=\"http:\/\/www.pv-huerth.de\/wp-content\/uploads\/2016\/05\/PVHAktuell01_16.pdf\" target=\"_blank\" rel=\"noopener noreferrer\"><span style=\"color: #0000ff;\"> 2016<\/span><\/a><\/div>\n<div align=\"justify\">\u00a0<\/div>\n<div align=\"justify\">\u00a0<\/div>\n<div align=\"justify\">\u00a0<\/div>\n\n","protected":false},"excerpt":{"rendered":"<p>Liebe Leserin, lieber Leser, die aktuelle Berichterstattung des Partnerschaftsvereins H\u00fcrth wurde im August 2008 umgestellt. Seitdem wird mit dem PVH &#8211; Aktuell regelm\u00e4\u00dfig \u00fcber die neuesten Nachrichten in und um den Partnerschaftsverein berichtet. PVH &#8211; Aktuell kann auch in unserer Gesch\u00e4ftsstelle im Rathaus abgeholt bzw. angefordert werden. \u00a0 Folgende Ausgaben des PVH &#8211; Aktuell finden &hellip; <\/p>\n<p><a class=\"more-link btn\" href=\"https:\/\/www.pv-huerth.de\/?page_id=39\">Weiterlesen<\/a><\/p>\n","protected":false},"author":7,"featured_media":0,"parent":0,"menu_order":1,"comment_status":"closed","ping_status":"open","template":"","meta":{"footnotes":""},"class_list":["post-39","page","type-page","status-publish","hentry","nodate","item-wrap"],"aioseo_notices":[],"_links":{"self":[{"href":"https:\/\/www.pv-huerth.de\/index.php?rest_route=\/wp\/v2\/pages\/39","targetHints":{"allow":["GET"]}}],"collection":[{"href":"https:\/\/www.pv-huerth.de\/index.php?rest_route=\/wp\/v2\/pages"}],"about":[{"href":"https:\/\/www.pv-huerth.de\/index.php?rest_route=\/wp\/v2\/types\/page"}],"author":[{"embeddable":true,"href":"https:\/\/www.pv-huerth.de\/index.php?rest_route=\/wp\/v2\/users\/7"}],"replies":[{"embeddable":true,"href":"https:\/\/www.pv-huerth.de\/index.php?rest_route=%2Fwp%2Fv2%2Fcomments&post=39"}],"version-history":[{"count":13,"href":"https:\/\/www.pv-huerth.de\/index.php?rest_route=\/wp\/v2\/pages\/39\/revisions"}],"predecessor-version":[{"id":1421,"href":"https:\/\/www.pv-huerth.de\/index.php?rest_route=\/wp\/v2\/pages\/39\/revisions\/1421"}],"wp:attachment":[{"href":"https:\/\/www.pv-huerth.de\/index.php?rest_route=%2Fwp%2Fv2%2Fmedia&parent=39"}],"curies":[{"name":"wp","href":"https:\/\/api.w.org\/{rel}","templated":true}]}}