{"id":207,"date":"2013-09-15T12:01:52","date_gmt":"2013-09-15T10:01:52","guid":{"rendered":"http:\/\/www.pv-huerth.de\/?page_id=207"},"modified":"2026-03-25T18:31:21","modified_gmt":"2026-03-25T16:31:21","slug":"kabarnet-2","status":"publish","type":"page","link":"https:\/\/www.pv-huerth.de\/?page_id=207","title":{"rendered":"Kabarnet"},"content":{"rendered":"\n<p>1985 erging der \u201eK\u00f6lner Aufruf an die europ\u00e4ischen St\u00e4dte und Gemeinden\u201c, eine Partnerstadt in Afrika zu suchen.&nbsp;<\/p>\n\n\n\n<p>Die ersten Kontakte schuf der H\u00fcrther Beigeordnete Michael Mende. Zum Jahreswechsel 1987\/88 reisten dann Siegfried Greiner und der damalige H\u00fcrther Stadtdirektor Dr. Georg Rogge&nbsp;nach Kabarnet.<\/p>\n\n\n\n<p>Danach ging es sehr schnell.<\/p>\n\n\n\n<p>Die St\u00e4dtepartnerschaftsurkunde wurde am 28.06.1988 im Sitzungssaal des damaligen Kreishauses in H\u00fcrth unterschrieben.&nbsp;<\/p>\n\n\n\n<p class=\"has-text-align-center\"><img loading=\"lazy\" decoding=\"async\" width=\"450\" height=\"300\" class=\"wp-image-607\" style=\"width: 450px;\" alt=\"\" src=\"https:\/\/www.pv-huerth.de\/wp-content\/uploads\/2020\/05\/0421.jpg\" srcset=\"https:\/\/www.pv-huerth.de\/wp-content\/uploads\/2020\/05\/0421.jpg 2393w, https:\/\/www.pv-huerth.de\/wp-content\/uploads\/2020\/05\/0421-300x200.jpg 300w, https:\/\/www.pv-huerth.de\/wp-content\/uploads\/2020\/05\/0421-1024x683.jpg 1024w, https:\/\/www.pv-huerth.de\/wp-content\/uploads\/2020\/05\/0421-768x512.jpg 768w, https:\/\/www.pv-huerth.de\/wp-content\/uploads\/2020\/05\/0421-1536x1024.jpg 1536w, https:\/\/www.pv-huerth.de\/wp-content\/uploads\/2020\/05\/0421-2048x1365.jpg 2048w\" sizes=\"auto, (max-width: 450px) 100vw, 450px\" \/><\/p>\n\n\n\n<p>Das Stadtgebiet von Kabarnet umfasst 92\u00a0km\u00b2 (H\u00fcrth 51 km\u00b2). Die Einwohnerzahl liegt aktuell (2026) bei etwa 60.000 Einwohnern.<\/p>\n\n\n\n<p>Stadtrecht erhielt Kabarnet 1984. Ist also nur wenig j\u00fcnger als H\u00fcrth.<\/p>\n\n\n\n<p>Allerdings gab es 2012 in Kenia eine Kommunalreform, bei der St\u00e4dte in Distrikte die sogenannten &#8220;Countys&#8221; eingegliedert wurden. Verwaltungschef ist f\u00fcr Kabarnet seit dem der Governor des Baringo County. Als unselbst\u00e4ndige Gemeinden blieben die ehemaligen St\u00e4dte jedoch bedingt autonom. So verf\u00fcgt Kabarnet auch weiterhin \u00fcber einen Gemeinderat und in der Verwaltung des Baringo County ist ein Municipal Manager (Stadtdirektor) f\u00fcr die besonderen Belange von Kabarnet zust\u00e4ndig. Kabarnet ist au\u00dferdem die gr\u00f6\u00dfte Gemeinde und Verwaltungssitz des Baringo County.<\/p>\n\n\n\n<div class=\"wp-block-group\"><div class=\"wp-block-group__inner-container is-layout-flow wp-block-group-is-layout-flow\">\n<p class=\"has-text-align-center\"><img loading=\"lazy\" decoding=\"async\" width=\"450\" height=\"327\" class=\"wp-image-608\" style=\"width: 450px;\" alt=\"\" src=\"https:\/\/www.pv-huerth.de\/wp-content\/uploads\/2020\/05\/50-Wassertanks-2015-Einweihungsfeier.jpg\" srcset=\"https:\/\/www.pv-huerth.de\/wp-content\/uploads\/2020\/05\/50-Wassertanks-2015-Einweihungsfeier.jpg 2451w, https:\/\/www.pv-huerth.de\/wp-content\/uploads\/2020\/05\/50-Wassertanks-2015-Einweihungsfeier-300x218.jpg 300w, https:\/\/www.pv-huerth.de\/wp-content\/uploads\/2020\/05\/50-Wassertanks-2015-Einweihungsfeier-1024x743.jpg 1024w, https:\/\/www.pv-huerth.de\/wp-content\/uploads\/2020\/05\/50-Wassertanks-2015-Einweihungsfeier-768x557.jpg 768w, https:\/\/www.pv-huerth.de\/wp-content\/uploads\/2020\/05\/50-Wassertanks-2015-Einweihungsfeier-1536x1115.jpg 1536w, https:\/\/www.pv-huerth.de\/wp-content\/uploads\/2020\/05\/50-Wassertanks-2015-Einweihungsfeier-2048x1486.jpg 2048w\" sizes=\"auto, (max-width: 450px) 100vw, 450px\" \/><\/p>\n\n\n\n<p>In der \u00fcber 30-j\u00e4hrigen Geschichte unserer Partnerschaft hat es viele gegenseitige Besuche gegeben und H\u00fcrth hat durch vielf\u00e4ltige Hilfen den Ort mitgepr\u00e4gt. Besonders erw\u00e4hnt seien nur der gro\u00dfe Frischwassertank, ein vollst\u00e4ndig eingerichtetes Gesundheitszentrum, ein zentraler Schlachthof und unz\u00e4hlige Schulb\u00e4nke in den Schulen unserer Partnerstadt.<\/p>\n<\/div><\/div>\n\n\n\n<p>Aus heutiger Sicht entsprach die Projektauswahl und damit die Verwendung des Geldes aus H\u00fcrth nicht immer den wirklichen Bed\u00fcrfnissen vor Ort (z.B. R\u00f6ntgenger\u00e4t, das keiner bedienen kann). Vor allem aber mangelte es in der Zeit vor den modernen Kommunikationsmethoden an der M\u00f6glichkeit die Verwendung der Spendengelder genau zu kontrollieren.<\/p>\n\n\n\n<p>Beide Problempunkte sind jedoch heute ausger\u00e4umt, so dass der Partnerschaftsverein garantieren kann, dass nur sinnvolle Projekte unterst\u00fctzt und deren Durchf\u00fchrung genau kontrolliert werden.&nbsp;&nbsp;&nbsp;&nbsp;<\/p>\n\n\n\n<p>Zum einen haben sich die Kommunikationsm\u00f6glichkeiten in unserem digitalen Zeitalter kolossal ver\u00e4ndert, so dass wir heute in der Lage sind, die Mittelverwendung sehr gut zu \u00fcberwachen.<\/p>\n\n\n\n<p>Zum anderen sind die Hilfsprojekte seit einem Besuch des damaligen B\u00fcrgermeister Walther Boecker und des PVH-Vorsitzenden R\u00fcdiger Winkler in Kabarnet im Jahre 2009 auf nur drei Bereiche konzentriert worden, um nicht mit der Gie\u00dfkanne das Geld zu verteilen, sondern es gezielt f\u00fcr nachhaltig wirkende Projekte zu verwenden.&nbsp;&nbsp;&nbsp;&nbsp;&nbsp;&nbsp;&nbsp;&nbsp;&nbsp;&nbsp;&nbsp;&nbsp;&nbsp;&nbsp;&nbsp;&nbsp;&nbsp;&nbsp;&nbsp;&nbsp;&nbsp;&nbsp;&nbsp;&nbsp;&nbsp;&nbsp;&nbsp;&nbsp;&nbsp;&nbsp;&nbsp;&nbsp;&nbsp;&nbsp;&nbsp;&nbsp;&nbsp;&nbsp;&nbsp;&nbsp;&nbsp;&nbsp;&nbsp;<\/p>\n\n\n\n<p>Der erste Bereich ist die Unterst\u00fctzung von Frauengruppen, die sich in gemeinsamer Zusammenarbeit bem\u00fchen, das Familieneinkommen zu verbessern. So gibt es in Kabarnet und Umgebung diverse K\u00fche, H\u00fchner oder Ziegen die mit Unterst\u00fctzung aus H\u00fcrth von einzelnen Frauengruppen angeschafft wurden. Die Aktivit\u00e4t solcher Gruppen beschr\u00e4nkt sich aber nicht nur auf Viehzucht, sondern umfasst eine Vielzahl von Gesch\u00e4ftsideen. So vermietet zum Beispiel eine Gruppe St\u00fchle f\u00fcr gr\u00f6\u00dfere Festlichkeiten.&nbsp;&nbsp;&nbsp;&nbsp;&nbsp;&nbsp;&nbsp;&nbsp;&nbsp;&nbsp;&nbsp;&nbsp;&nbsp;&nbsp;&nbsp;&nbsp;&nbsp;&nbsp;&nbsp;&nbsp;&nbsp;&nbsp;&nbsp;&nbsp;&nbsp;&nbsp;&nbsp;&nbsp;&nbsp;&nbsp;&nbsp;&nbsp;&nbsp;&nbsp;&nbsp;&nbsp;&nbsp;&nbsp;&nbsp;&nbsp;&nbsp;&nbsp;&nbsp;&nbsp;&nbsp;&nbsp;&nbsp;&nbsp;&nbsp;&nbsp;&nbsp;&nbsp;&nbsp;&nbsp;&nbsp;&nbsp;&nbsp;&nbsp;&nbsp;&nbsp;&nbsp;&nbsp;&nbsp;&nbsp;&nbsp;&nbsp;&nbsp;&nbsp;&nbsp;&nbsp;&nbsp;&nbsp;&nbsp;&nbsp;&nbsp;&nbsp;&nbsp;&nbsp;&nbsp;&nbsp;&nbsp;<\/p>\n\n\n\n<p>Der zweite Bereich betrifft die Wasserversorgung; ein gro\u00dfes Problem in den trockenen Jahreszeiten. Zu dem bestehenden 5000 l Tank konnte dank einer Spende des Lions Club H\u00fcrth 2015 ein weiterer Tank mit 5.000 l Fassungsverm\u00f6gen in Betrieb genommen und damit die Wasserversorgung erheblich verbessert werden.<\/p>\n\n\n\n<p>Der wichtigste Bereich ist jedoch die schulische Bildung, die angesichts eines Bev\u00f6lkerungswachstums, das trotz aller Bem\u00fchungen immer noch bei 2,6 % pro Jahr liegt, f\u00fcr die Zukunft Kenias von entscheidender Bedeutung ist. Nur gut ausgebildete junge Menschen haben auch in Kenia eine Chance auf ein gutes Leben und kommen nicht auf den Gedanken, sich aus wirtschaftlicher Not auf den Weg nach Europa machen zu m\u00fcssen.<\/p>\n\n\n\n<p class=\"has-text-align-center\"><img loading=\"lazy\" decoding=\"async\" width=\"450\" height=\"247\" class=\"wp-image-542\" style=\"width: 450px;\" alt=\"\" src=\"https:\/\/www.pv-huerth.de\/wp-content\/uploads\/2020\/02\/077.jpg\" srcset=\"https:\/\/www.pv-huerth.de\/wp-content\/uploads\/2020\/02\/077.jpg 2071w, https:\/\/www.pv-huerth.de\/wp-content\/uploads\/2020\/02\/077-300x164.jpg 300w, https:\/\/www.pv-huerth.de\/wp-content\/uploads\/2020\/02\/077-768x421.jpg 768w, https:\/\/www.pv-huerth.de\/wp-content\/uploads\/2020\/02\/077-1024x561.jpg 1024w\" sizes=\"auto, (max-width: 450px) 100vw, 450px\" \/><\/p>\n\n\n\n<p>Zurzeit liegt der Schwerpunkt unserer Unterst\u00fctzung auf dem Ausbau der \u201eKabarnet-H\u00fcrth Secondary Day School\u201c. Im Gegensatz zu den meisten als Internat gef\u00fchrten weiterf\u00fchrenden Schulen steht diese Schule ausschlie\u00dflich den Sch\u00fclerinnen und Sch\u00fclern aus Kabarnet als reine Tagesschule zur Verf\u00fcgung. Die Schule ist erst vor wenigen Jahren als staatliche Schule anerkannt worden, allerdings unter der Bedingung, dass weitere Klassenr\u00e4ume gebaut w\u00fcrden und auch ein Naturwissenschaftsraum hinzuk\u00e4me. Mit Unterst\u00fctzung aus H\u00fcrth konnte  Erweiterung um 2 Klassenr\u00e4ume schon 2013 abgeschlossen werden. Der weitere Anbau mit einem Chemie- und Biologieraum ist ebenfalls schon fertiggestellt und kann seit dem Sommer 2019 genutzt werden. Auch diese Bauma\u00dfnahme haben Spenden aus H\u00fcrth von mehr als 30.000 \u20ac \u00fcberhaupt erst m\u00f6glich gemacht. &#8221; Im Jahr 2023 wurde weitere 4 &#8220;H\u00fcrther&#8221;  Klassenr\u00e4ume mit einem gro\u00dfen Schulfest im Beisein einer Delegation aus H\u00fcrth eingeweiht.<\/p>\n\n\n\n<p><a href=\"https:\/\/www.pv-huerth.de\/wp-content\/uploads\/2026\/03\/023_1199-scaled.jpg\"><img loading=\"lazy\" decoding=\"async\" class=\"alignnone size-large wp-image-1442\" src=\"https:\/\/www.pv-huerth.de\/wp-content\/uploads\/2026\/03\/023_1199-1024x683.jpg\" alt=\"\" width=\"610\" height=\"407\" srcset=\"https:\/\/www.pv-huerth.de\/wp-content\/uploads\/2026\/03\/023_1199-1024x683.jpg 1024w, https:\/\/www.pv-huerth.de\/wp-content\/uploads\/2026\/03\/023_1199-300x200.jpg 300w, https:\/\/www.pv-huerth.de\/wp-content\/uploads\/2026\/03\/023_1199-768x512.jpg 768w, https:\/\/www.pv-huerth.de\/wp-content\/uploads\/2026\/03\/023_1199-1536x1024.jpg 1536w, https:\/\/www.pv-huerth.de\/wp-content\/uploads\/2026\/03\/023_1199-2048x1365.jpg 2048w, https:\/\/www.pv-huerth.de\/wp-content\/uploads\/2026\/03\/023_1199-610x407.jpg 610w\" sizes=\"auto, (max-width: 610px) 100vw, 610px\" \/><\/a><\/p>\n\n\n\n<p>Im September ist mit einer F\u00f6rderung des Bundesministeriums f\u00fcr wirtschaftliche Zusammenarbeit und Entwicklung mit der Errichtung eines dreist\u00f6ckiges Geb\u00e4udes mit einer Verwaltungsetage, acht Klassenr\u00e4umen und einer Schulbibliothek begonnen worden.<\/p>\n\n\n\n<p>Die H\u00fcrther Bildungs-Initiative \u00a0beschr\u00e4nkt sich aber nicht nur auf Bauma\u00dfnahmen, sondern k\u00fcmmert sich auch um die Sch\u00fclerinnen und Sch\u00fcler. Mit Hilfe der H\u00fcrther Kirchen wird seit 2015 bed\u00fcrftigen Sch\u00fclerinnen und Sch\u00fclern der Kabarnet-H\u00fcrth-Schule ein Stipendium in Form der \u00dcbernahme des Schulgeldes und eines Zuschusses zur Schulkleidung gew\u00e4hrt und ihnen damit der Besuch der weiterf\u00fchrenden Schule \u00fcberhaupt erst erm\u00f6glicht.<\/p>\n\n\n\n<p>Unter dem Eindruck der Corona-Pandemie hat der PVH im Mai 2020 einen \u201eCorona Hilfsfonds\u201c ins Leben gerufen, der Spenden insbesondere zur Verbesserung der Lebensmittelversorgung hilfsbed\u00fcrftiger Familien sammelt.<\/p>\n\n\n\n<p><\/p>\n\n\n\n<p><\/p>\n\n\n\n<p><\/p>\n\n\n\n\n\n<p><\/p>\n\n\n\n<p><\/p>\n\n\n\n<p><\/p>\n","protected":false},"excerpt":{"rendered":"<p>1985 erging der \u201eK\u00f6lner Aufruf an die europ\u00e4ischen St\u00e4dte und Gemeinden\u201c, eine Partnerstadt in Afrika zu suchen.&nbsp; Die ersten Kontakte schuf der H\u00fcrther Beigeordnete Michael Mende. Zum Jahreswechsel 1987\/88 reisten dann Siegfried Greiner und der damalige H\u00fcrther Stadtdirektor Dr. Georg Rogge&nbsp;nach Kabarnet. Danach ging es sehr schnell. Die St\u00e4dtepartnerschaftsurkunde wurde am 28.06.1988 im Sitzungssaal des &hellip; <\/p>\n<p><a class=\"more-link btn\" href=\"https:\/\/www.pv-huerth.de\/?page_id=207\">Weiterlesen<\/a><\/p>\n","protected":false},"author":6,"featured_media":0,"parent":52,"menu_order":0,"comment_status":"closed","ping_status":"open","template":"","meta":{"footnotes":""},"class_list":["post-207","page","type-page","status-publish","hentry","nodate","item-wrap"],"aioseo_notices":[],"_links":{"self":[{"href":"https:\/\/www.pv-huerth.de\/index.php?rest_route=\/wp\/v2\/pages\/207","targetHints":{"allow":["GET"]}}],"collection":[{"href":"https:\/\/www.pv-huerth.de\/index.php?rest_route=\/wp\/v2\/pages"}],"about":[{"href":"https:\/\/www.pv-huerth.de\/index.php?rest_route=\/wp\/v2\/types\/page"}],"author":[{"embeddable":true,"href":"https:\/\/www.pv-huerth.de\/index.php?rest_route=\/wp\/v2\/users\/6"}],"replies":[{"embeddable":true,"href":"https:\/\/www.pv-huerth.de\/index.php?rest_route=%2Fwp%2Fv2%2Fcomments&post=207"}],"version-history":[{"count":7,"href":"https:\/\/www.pv-huerth.de\/index.php?rest_route=\/wp\/v2\/pages\/207\/revisions"}],"predecessor-version":[{"id":1443,"href":"https:\/\/www.pv-huerth.de\/index.php?rest_route=\/wp\/v2\/pages\/207\/revisions\/1443"}],"up":[{"embeddable":true,"href":"https:\/\/www.pv-huerth.de\/index.php?rest_route=\/wp\/v2\/pages\/52"}],"wp:attachment":[{"href":"https:\/\/www.pv-huerth.de\/index.php?rest_route=%2Fwp%2Fv2%2Fmedia&parent=207"}],"curies":[{"name":"wp","href":"https:\/\/api.w.org\/{rel}","templated":true}]}}